g be (-6)/33 + (-530)/(-11). Calculate the greatest common divisor of w and g.
16
Let q = -3092 + 3094. Calculate the greatest common factor of q and 202.
2
Let c = -5 + 7. Let s(z) = 5*z**3 + z**2 + 3*z. Let w be s(c). What is the greatest common factor of 30 and w?
10
Let h be 1*-31*(132/(-11) + 9). Suppose h + 215 = 4*a - 2*n, -3*a - 2*n = -238. What is the greatest common factor of 182 and a?
26
Let t = 78 + 2. Suppose 5*g + 2*k = 38, 3*k - 1 + 4 = 0. Let y be (g/(-18))/(-2) + (-88)/(-9). Calculate the highest common factor of y and t.
10
Suppose 4*w - 6 = -2*f + 122, -5*f - 32 = -w. Let u be 2/(-6) + (-440)/(-6). Suppose 23 = 2*t - u. Calculate the highest common factor of t and w.
16
Let f(m) = m**3 - 18*m**2 + 17*m - 8. Let s be f(17). Let y be (-4)/(-3)*-15*(-4)/s. Let h be (-9)/15*y/1. Calculate the highest common factor of 186 and h.
6
Let k be (-1806)/(-215)*5*15. What is the greatest common divisor of k and 50?
10
Let t be 4/8 + -2 + 14/4. Let u be ((-70)/4 + t)*-8. Suppose -3*j + g + 388 = -3*g, j - u = 4*g. Calculate the greatest common factor of j and 12.
12
Suppose 44 = 3*i - 2*z, 0 = 4*i + z - 47 - 30. Let x = 57 - 36. Let k be x/(-2)*1248/(-56). What is the highest common factor of k and i?
18
Let q = 1355 - 1016. Calculate the greatest common factor of q and 24.
3
Suppose 4*l + d = -0*d + 219, 2*l + d - 109 = 0. Let y(o) = 15*o**2 - 44*o - 207. Let u be y(7). Calculate the highest common divisor of l and u.
55
Suppose 4*m + 16 = -8. Let g = m - -15. Let u = 601 - 574. What is the greatest common divisor of u and g?
9
Let i be 124/62 - 1*-13. What is the highest common factor of 465 and i?
15
Let y(q) = 23*q**3 + 276*q**2 - 6*q - 10. Let w be y(-10). Calculate the greatest common divisor of 25 and w.
25
Let f be 0 - (-4)/(20/1015). Calculate the highest common divisor of 1421 and f.
203
Let g = -12225 + 12252. Calculate the greatest common factor of g and 7497.
9
Let n = -554 + 559. Suppose -5*h + 272 = 4*v, -n*v + 340 = -0*v + 5*h. Calculate the highest common factor of 4 and v.
4
Let m(f) = 9 - 7*f**2 + 8*f**2 + 3*f - 10*f. Let o be m(10). Let n = o + -34. What is the highest common divisor of 55 and n?
5
Suppose -503*f + 524*f - 2058 = 0. Calculate the highest common factor of 15778 and f.
98
Suppose 5*f - 3*c - 269 = 102, 136 = 2*f + 5*c. What is the highest common factor of 7519 and f?
73
Let d(f) = -f**3 + 51*f**2 - 95*f - 91. Let s be d(49). Calculate the highest common factor of 140 and s.
28
Suppose -4*g + 10 = -18. Suppose -g*s + 3525 = -7248. Suppose -l - c = -309, c = 3*l + 2*l - s. What is the highest common divisor of l and 28?
28
Let z be (-3 + (-2478)/(-4))/((-114)/(-76)). Calculate the greatest common divisor of 51 and z.
3
Let d(q) = -25*q**3 - 3*q**2 - 5*q - 2. Let o be d(-2). Let h = -163 + o. Calculate the highest common factor of h and 363.
33
Suppose 7*z - 16 = 3*z. Suppose 4*d - 217 = -5*g + d, z*g - 5*d - 144 = 0. What is the greatest common divisor of 82 and g?
41
Let l(w) = 3*w + 8. Suppose u = -5*f + 7, 2*f + 4*u + 8 = -0. Let v be l(f). Calculate the greatest common divisor of v and 42.
14
Let j(k) = 6*k + 5 + 6*k**2 - 3 + 2*k - 3 + 21. Let r be j(-5). What is the highest common divisor of 20 and r?
10
Let r be (-5)/15 + (-107)/3. Let j be (172/(-12) - -3)*r. Let t(l) = -32*l + 19. Let g be t(-1). Calculate the greatest common divisor of j and g.
51
Let l(u) = -25*u + 4560. Let k be l(181). What is the greatest common divisor of k and 595?
35
Suppose 9*s + 22 = 76. Let a be s + (-30)/6 + 14. What is the greatest common divisor of a and 5?
5
Suppose -24*g = p - 22*g - 478, -2*g + 1942 = 4*p. Calculate the greatest common divisor of p and 2806.
122
Suppose -3*i + 48 = 4*x, 3*i + 60 = 5*x - 2*i. Suppose 154*h + 9*h - 6846 = 0. Calculate the greatest common divisor of h and x.
6
Suppose 7*v - 2325 - 2631 = 0. Calculate the greatest common divisor of v and 24.
12
Let s be 12/15 - -4 - 2/(-10). Suppose -122 - 153 = -s*v + 5*o, -5*o = 4*v - 193. Calculate the highest common factor of 91 and v.
13
Let a(z) = 4*z - 12. Let n = 3 + 14. Let o = 23 - n. Let j be a(o). What is the greatest common factor of 60 and j?
12
Suppose 13*k - 11*k - 6 = 0. Suppose q - 3*q = -3*s - 91, 2*q - 61 = -k*s. Calculate the highest common factor of 152 and q.
38
Let o(k) = -94*k - 922. Let w be o(-10). Let x be (-6)/(-3 + 0) - -5. Let m = 20 + x. What is the highest common factor of w and m?
9
Let q(a) = 69*a + 1817. Let d be q(-17). Calculate the greatest common divisor of 56 and d.
28
Let b = 5327 + -5084. What is the greatest common divisor of 999 and b?
27
Suppose 653*x - 654*x + 5753 = 0. What is the greatest common divisor of x and 11?
11
Let i = 217 + -187. Let k be ((-594)/i)/((-6)/20). What is the greatest common factor of k and 528?
66
Let p(z) = -61*z + 1838. Let b be p(30). What is the greatest common divisor of 152 and b?
8
Suppose -2*z - 792 = -3*n + 18186, -3*z = 3*n - 18963. What is the greatest common divisor of 96 and n?
12
Let j be 1 + (-2 - -80) + 912 + -921. Suppose -z + 280 = 3*z. Calculate the highest common factor of z and j.
70
Suppose -4*t = 4*a, 4*t + a = -0*a - 9. Let p be t/7 - (-96)/28. Suppose -p*b - 3*b = -48. Calculate the greatest common divisor of 40 and b.
8
Let c be 4*(-4)/((-16)/11). Suppose 4*g + c = p, 4*g + 135 = 2*p + 3*p. Suppose 8*f = -76 + 820. What is the greatest common factor of p and f?
31
Suppose 2*b - 108782 = -108618. Calculate the highest common factor of b and 3526.
82
Let b(q) = -2*q**2 - 136*q + 936. Let p be b(-74). Calculate the highest common divisor of 624 and p.
48
Let t(v) = -9*v**3 - 3*v**2. Let y be t(-3). Let f be ((-560)/(-98))/(1/7). Let h = 76 - f. What is the highest common divisor of h and y?
36
Let d be 0/(-5) - (-574)/(-2 - -4). Suppose 3*b - n = 24, -13*b = -9*b - 2*n - 34. What is the highest common divisor of b and d?
7
Let c(o) = -o + 11. Let k be c(8). Suppose f + f + 12 = -3*x, -k*x = -4*f - 24. Let v be (184/f)/((-5)/30). What is the highest common factor of 23 and v?
23
Suppose -4*w = 6 - 2. Let k = w + 26. Suppose -147 = -2*c - 47. What is the highest common factor of c and k?
25
Let i be 1*-2*1*-2. Let y = 5025 + -4981. What is the greatest common divisor of i and y?
4
Let m = -80 - -103. Let o be (0 - (-2)/(-5))/(m/(-345)). Calculate the highest common factor of 54 and o.
6
Suppose 36 = -r + 27. Let f(a) = a**3 + 12*a**2 + 21*a - 3. Let v be f(r). Suppose v*c - 96 = 47*c. Calculate the highest common factor of c and 6.
6
Suppose -115 - 97 = -7*p - 2. What is the greatest common divisor of p and 13800?
30
Suppose 5*i + 3*d - 555 = 5*d, -5*d - 25 = 0. Let k be (-2 - 1)*(-5 - (-352)/(-12)). Let h = i - k. What is the highest common divisor of 16 and h?
2
Suppose 4*z - 3*p = 5998, z - 929 = 4*p + 564. Suppose 56 = -z*k + 1508*k. Calculate the greatest common divisor of k and 52.
4
Let p = 217 + -334. Let c be 7 - p - -4*1. Calculate the greatest common factor of 8 and c.
8
Suppose -8*z = -17 - 7. Suppose 44*w = 42*w + 4. Calculate the greatest common factor of z and w.
1
Let d = -8085 - -8800. Calculate the highest common factor of 220 and d.
55
Suppose 138*n - 105*n - 6270 = 0. Calculate the highest common factor of n and 30.
10
Suppose 0 = -10*n + 9*n - 2*s + 1740, 6*n - 4*s - 10408 = 0. Calculate the greatest common factor of 3968 and n.
248
Suppose -g - k + 146 = 0, -19*k = -2*g - 17*k + 312. Calculate the greatest common divisor of g and 7399.
151
Let q(v) = -62*v - 2865. Let x be q(-47). Let j = 38 - -147. Let c = x + j. Calculate the greatest common factor of c and 26.
26
Let k = 699 - 489. Let n = k + -135. Calculate the greatest common factor of 25 and n.
25
Suppose 0 = -2*f - 2*i + 3604, -4*f - 5*i + 4744 + 2464 = 0. What is the highest common divisor of 159 and f?
53
Suppose -142341 = -273*j + 121923. What is the greatest common divisor of j and 6534?
242
Suppose 2*w = -2 + 10. Suppose 17*z = 18*z - w. Suppose z*h = 79 + 65. Calculate the highest common factor of 9 and h.
9
Let k be ((-125)/10 + 12)/(1/(-106)). Suppose k*t - 76*t = -736. Calculate the highest common factor of 352 and t.
32
Suppose -8*g + 12*g = -32. Let z be (2/g)/(11/(-132)). Let m(k) = 2*k**3 - 5*k**2 + 5*k - 2. Let x be m(z). Calculate the highest common factor of 